{"id":42,"date":"2022-02-13T09:04:37","date_gmt":"2022-02-13T09:04:37","guid":{"rendered":"http:\/\/annadyhr.dk\/?page_id=42"},"modified":"2022-02-13T10:30:42","modified_gmt":"2022-02-13T10:30:42","slug":"om","status":"publish","type":"page","link":"http:\/\/annadyhr.dk\/","title":{"rendered":"OM"},"content":{"rendered":"\n<div class=\"wp-block-media-text alignwide has-media-on-the-right is-stacked-on-mobile is-image-fill\" style=\"grid-template-columns:auto 65%\"><figure class=\"wp-block-media-text__media\" style=\"background-image:url(http:\/\/annadyhr.dk\/wp-content\/uploads\/2022\/02\/IMG_5360_Fixed-1024x683.jpg);background-position:50% 50%\"><img decoding=\"async\" loading=\"lazy\" width=\"1024\" height=\"683\" src=\"http:\/\/annadyhr.dk\/wp-content\/uploads\/2022\/02\/IMG_5360_Fixed-1024x683.jpg\" alt=\"\" class=\"wp-image-132 size-full\" srcset=\"http:\/\/annadyhr.dk\/wp-content\/uploads\/2022\/02\/IMG_5360_Fixed-1024x683.jpg 1024w, http:\/\/annadyhr.dk\/wp-content\/uploads\/2022\/02\/IMG_5360_Fixed-300x200.jpg 300w, http:\/\/annadyhr.dk\/wp-content\/uploads\/2022\/02\/IMG_5360_Fixed-768x512.jpg 768w, http:\/\/annadyhr.dk\/wp-content\/uploads\/2022\/02\/IMG_5360_Fixed-1536x1024.jpg 1536w, http:\/\/annadyhr.dk\/wp-content\/uploads\/2022\/02\/IMG_5360_Fixed-2048x1365.jpg 2048w\" sizes=\"(max-width: 1024px) 100vw, 1024px\" \/><\/figure><div class=\"wp-block-media-text__content\">\n<p style=\"font-size:14px\">Anna Dyhr er f\u00f8dt 1990 i Haderslev.<br><br>Opvokset ved \u00c5rhus. Og nu bosat p\u00e5 Djursland.<br><br>Udkommer p\u00e5\u00a0<a href=\"http:\/\/www.jensenogdalgaard.dk\/\">Forlaget Jensen og Dalsgaard<\/a><\/p>\n<\/div><\/div>\n","protected":false},"excerpt":{"rendered":"<p>Anna Dyhr er f\u00f8dt 1990 i Haderslev. Opvokset ved \u00c5rhus. Og nu bosat p\u00e5 Djursland. Udkommer p\u00e5\u00a0Forlaget Jensen og Dalsgaard<\/p>\n","protected":false},"author":1,"featured_media":0,"parent":0,"menu_order":0,"comment_status":"closed","ping_status":"closed","template":"","meta":[],"_links":{"self":[{"href":"http:\/\/annadyhr.dk\/index.php?rest_route=\/wp\/v2\/pages\/42"}],"collection":[{"href":"http:\/\/annadyhr.dk\/index.php?rest_route=\/wp\/v2\/pages"}],"about":[{"href":"http:\/\/annadyhr.dk\/index.php?rest_route=\/wp\/v2\/types\/page"}],"author":[{"embeddable":true,"href":"http:\/\/annadyhr.dk\/index.php?rest_route=\/wp\/v2\/users\/1"}],"replies":[{"embeddable":true,"href":"http:\/\/annadyhr.dk\/index.php?rest_route=%2Fwp%2Fv2%2Fcomments&post=42"}],"version-history":[{"count":6,"href":"http:\/\/annadyhr.dk\/index.php?rest_route=\/wp\/v2\/pages\/42\/revisions"}],"predecessor-version":[{"id":221,"href":"http:\/\/annadyhr.dk\/index.php?rest_route=\/wp\/v2\/pages\/42\/revisions\/221"}],"wp:attachment":[{"href":"http:\/\/annadyhr.dk\/index.php?rest_route=%2Fwp%2Fv2%2Fmedia&parent=42"}],"curies":[{"name":"wp","href":"https:\/\/api.w.org\/{rel}","templated":true}]}}